{"id":922,"date":"2022-08-04T16:28:56","date_gmt":"2022-08-04T19:28:56","guid":{"rendered":"http:\/\/localhost\/celi\/site\/?page_id=922"},"modified":"2022-08-25T16:57:44","modified_gmt":"2022-08-25T19:57:44","slug":"quem-somos","status":"publish","type":"page","link":"https:\/\/celi.cefet-rj.br\/?page_id=922","title":{"rendered":"Quem Somos"},"content":{"rendered":"\t\t<div data-elementor-type=\"wp-post\" data-elementor-id=\"922\" class=\"elementor elementor-922 elementor-bc-flex-widget\">\n\t\t\t\t\t\t<section class=\"elementor-section elementor-top-section elementor-element elementor-element-1551a63 elementor-hidden-tablet elementor-hidden-phone elementor-section-boxed elementor-section-height-default elementor-section-height-default\" data-id=\"1551a63\" data-element_type=\"section\">\n\t\t\t\t\t\t<div class=\"elementor-container elementor-column-gap-default\">\n\t\t\t\t\t<div class=\"elementor-column elementor-col-33 elementor-top-column elementor-element elementor-element-8ac417a\" data-id=\"8ac417a\" data-element_type=\"column\">\n\t\t\t<div class=\"elementor-widget-wrap elementor-element-populated\">\n\t\t\t\t\t\t<div class=\"elementor-element elementor-element-dc41586 elementor-widget elementor-widget-wp-widget-nav_menu\" data-id=\"dc41586\" data-element_type=\"widget\" data-widget_type=\"wp-widget-nav_menu.default\">\n\t\t\t\t<div class=\"elementor-widget-container\">\n\t\t\t\t\t<div class=\"menu-quem-somos-container\"><ul id=\"menu-quem-somos\" class=\"menu\"><li id=\"menu-item-1025\" class=\"menu-item menu-item-type-post_type menu-item-object-page current_page_parent menu-item-1025\"><a href=\"https:\/\/celi.cefet-rj.br\/?page_id=918\">\u00daltimas Not\u00edcias<\/a><\/li>\n<li id=\"menu-item-1022\" class=\"menu-item menu-item-type-post_type menu-item-object-page menu-item-has-children menu-item-1022\"><a href=\"https:\/\/celi.cefet-rj.br\/?page_id=922\">Quem Somos<\/a>\n<ul class=\"sub-menu\">\n\t<li id=\"menu-item-1003\" class=\"menu-item menu-item-type-post_type menu-item-object-page menu-item-1003\"><a href=\"https:\/\/celi.cefet-rj.br\/?page_id=976\">Hist\u00f3rico<\/a><\/li>\n\t<li id=\"menu-item-1002\" class=\"menu-item menu-item-type-post_type menu-item-object-page menu-item-1002\"><a href=\"https:\/\/celi.cefet-rj.br\/?page_id=979\">Filosofia do CeLi<\/a><\/li>\n\t<li id=\"menu-item-1004\" class=\"menu-item menu-item-type-post_type menu-item-object-page menu-item-1004\"><a href=\"https:\/\/celi.cefet-rj.br\/?page_id=982\">Objetivos<\/a><\/li>\n\t<li id=\"menu-item-1006\" class=\"menu-item menu-item-type-post_type menu-item-object-page menu-item-1006\"><a href=\"https:\/\/celi.cefet-rj.br\/?page_id=985\">P\u00fablico-Alvo<\/a><\/li>\n\t<li id=\"menu-item-1001\" class=\"menu-item menu-item-type-post_type menu-item-object-page menu-item-1001\"><a href=\"https:\/\/celi.cefet-rj.br\/?page_id=988\">Estat\u00edsticas<\/a><\/li>\n\t<li id=\"menu-item-1005\" class=\"menu-item menu-item-type-post_type menu-item-object-page menu-item-1005\"><a href=\"https:\/\/celi.cefet-rj.br\/?page_id=991\">Organograma<\/a><\/li>\n<\/ul>\n<\/li>\n<li id=\"menu-item-1020\" class=\"menu-item menu-item-type-post_type menu-item-object-page menu-item-1020\"><a href=\"https:\/\/celi.cefet-rj.br\/?page_id=485\">Projetos<\/a><\/li>\n<li id=\"menu-item-1016\" class=\"menu-item menu-item-type-post_type menu-item-object-page menu-item-1016\"><a href=\"https:\/\/celi.cefet-rj.br\/?page_id=925\">Eventos<\/a><\/li>\n<li id=\"menu-item-1014\" class=\"menu-item menu-item-type-post_type menu-item-object-page menu-item-1014\"><a href=\"https:\/\/celi.cefet-rj.br\/?page_id=928\">A\u00e7\u00f5es de Extens\u00e3o<\/a><\/li>\n<li id=\"menu-item-1015\" class=\"menu-item menu-item-type-post_type menu-item-object-page menu-item-1015\"><a href=\"https:\/\/celi.cefet-rj.br\/?page_id=931\">Certificados e Declara\u00e7\u00f5es<\/a><\/li>\n<li id=\"menu-item-1021\" class=\"menu-item menu-item-type-post_type menu-item-object-page menu-item-1021\"><a href=\"https:\/\/celi.cefet-rj.br\/?page_id=934\">Publica\u00e7\u00f5es<\/a><\/li>\n<li id=\"menu-item-1331\" class=\"menu-item menu-item-type-custom menu-item-object-custom menu-item-1331\"><a href=\"http:\/\/celi.cefet-rj.br\/concursos\">Inscri\u00e7\u00f5es<\/a><\/li>\n<li id=\"menu-item-1019\" class=\"menu-item menu-item-type-post_type menu-item-object-page menu-item-1019\"><a href=\"https:\/\/celi.cefet-rj.br\/?page_id=940\">Nossos Colaboradores<\/a><\/li>\n<li id=\"menu-item-1023\" class=\"menu-item menu-item-type-post_type menu-item-object-page menu-item-1023\"><a href=\"https:\/\/celi.cefet-rj.br\/?page_id=943\">Quero Ser Um Bolsista<\/a><\/li>\n<li id=\"menu-item-1024\" class=\"menu-item menu-item-type-post_type menu-item-object-page menu-item-1024\"><a href=\"https:\/\/celi.cefet-rj.br\/?page_id=946\">Quero Ser Um Volut\u00e1rio<\/a><\/li>\n<li id=\"menu-item-1017\" class=\"menu-item menu-item-type-post_type menu-item-object-page menu-item-1017\"><a href=\"https:\/\/celi.cefet-rj.br\/?page_id=959\">Fale Conosco<\/a><\/li>\n<\/ul><\/div>\t\t\t\t<\/div>\n\t\t\t\t<\/div>\n\t\t\t\t\t<\/div>\n\t\t<\/div>\n\t\t\t\t<div class=\"elementor-column elementor-col-66 elementor-top-column elementor-element elementor-element-ec38e15\" data-id=\"ec38e15\" data-element_type=\"column\">\n\t\t\t<div class=\"elementor-widget-wrap elementor-element-populated\">\n\t\t\t\t\t\t<div class=\"elementor-element elementor-element-c814772 elementor-widget elementor-widget-text-editor\" data-id=\"c814772\" data-element_type=\"widget\" data-widget_type=\"text-editor.default\">\n\t\t\t\t<div class=\"elementor-widget-container\">\n\t\t\t\t\t\t\t\t\t<p>O programa de extens\u00e3o Centro de Educa\u00e7\u00e3o e Linguagens (CELi), que acontece no CEFET\/RJ campus Nova Friburgo, desde o ano de 2009 visa principalmente ao oferecimento de cursos regulares na \u00e1rea de l\u00ednguas adicionais abertos \u00e0 comunidade interna e externa \u00e0 institui\u00e7\u00e3o de maneira gratuita, com foco na forma\u00e7\u00e3o geral e cr\u00edtica do aprendiz.<\/p>\n<p>Tendo come\u00e7ado suas atividades em 2009 sob o nome de Centro de Idiomas, o programa pretendia inicialmente atender a uma demanda espec\u00edfica do curso t\u00e9cnico em inform\u00e1tica industrial. Por dois anos, foram oferecidas aulas de l\u00edngua espanhola e l\u00edngua inglesa aos alunos desse curso t\u00e9cnico em car\u00e1ter opcional, em hor\u00e1rios fora de sua grade de disciplinas obrigat\u00f3rias.<\/p>\n<p>\nA partir do constante interesse de outros p\u00fablicos fora do curso de inform\u00e1tica industrial pelas aulas de l\u00edngua espanhola e inglesa do ent\u00e3o Centro de Idiomas, foram implementadas algumas mudan\u00e7as. Primeiramente, o programa passou a se chamar Centro de L\u00ednguas (CeLi), incorporando cursos novos gra\u00e7as \u00e0 disponibilidade de outros professores da institui\u00e7\u00e3o e passando a operar em uma l\u00f3gica independente, desvinculada dos cursos espec\u00edficos, de modo a atender membros da comunidade interna e externa ao CEFET\/RJ campus Nova Friburgo. O nome Centro de L\u00ednguas foi posteriormente substitu\u00eddo por Centro de L\u00ednguas e Literaturas (ainda sob a sigla CeLi) a fim de contemplar novas possibilidades de cursos na \u00e1rea de literatura devido ao interesse demonstrado por alguns docentes do campus em integrar o projeto.  Cerca de dois semestres depois, passa \u00e0 atual designa\u00e7\u00e3o do programa, o Centro de Educa\u00e7\u00e3o e Linguagens (CELi), mantendo as letras do acr\u00f4nimo, mas com pequena altera\u00e7\u00e3o da grafia da segunda letra em mai\u00fascula. Tal transi\u00e7\u00e3o possibilitou maior abrang\u00eancia de atua\u00e7\u00e3o do programa, que passa a englobar quest\u00f5es pertinentes \u00e0 Educa\u00e7\u00e3o e \u00e0s v\u00e1rias \u00e1reas e linguagens inerentes \u00e0 ela, al\u00e9m da incorpora\u00e7\u00e3o da realiza\u00e7\u00e3o de eventos acad\u00eamico-cient\u00edficos e de entretenimento (SESINF \u2013 Semin\u00e1rio de Educa\u00e7\u00e3o na Sociedade da Informa\u00e7\u00e3o; CEFETalent!), de projetos de extens\u00e3o de cunho acad\u00eamico-cient\u00edfico (projeto B\u00fassola Acad\u00eamica), de cunho educacional focados no ensino de l\u00ednguas adicionais (projetos de L\u00edngua Alem\u00e3, projetos de L\u00edngua Espanhola, projetos de L\u00edngua Inglesa e projetos de L\u00ednguas Surdas), no ensino de inform\u00e1tica b\u00e1sica (projeto CELiNFO), no apoio educacional \u00e0s pessoas com defici\u00eancia visual (projeto Olhos Meus), em rodas de conversas tem\u00e1ticas voltadas a docentes da rede p\u00fablica da regi\u00e3o e de seu entorno (projeto Conversas com quem gosta de ensinar) e em encontros semanais para discentes com pr\u00e1ticas respirat\u00f3rias direcionadas ao relaxamento (projeto Respire, n\u00e3o pire!). Essa mudan\u00e7a foi motivada pela perspectiva de instalar um centro de forma\u00e7\u00e3o que oferece, paralelamente aos projetos de l\u00ednguas adicionais, que continuam sendo seu foco, eventos, projetos e outros cursos e\/ou atividades de extens\u00e3o na \u00e1rea de educa\u00e7\u00e3o e linguagens expandindo, assim, o dom\u00ednio de atua\u00e7\u00e3o do programa\n<\/p>\t\t\t\t\t\t\t\t<\/div>\n\t\t\t\t<\/div>\n\t\t\t\t\t<\/div>\n\t\t<\/div>\n\t\t\t\t\t<\/div>\n\t\t<\/section>\n\t\t\t\t<section class=\"elementor-section elementor-top-section elementor-element elementor-element-db53b63 elementor-hidden-desktop elementor-section-boxed elementor-section-height-default elementor-section-height-default\" data-id=\"db53b63\" data-element_type=\"section\">\n\t\t\t\t\t\t<div class=\"elementor-container elementor-column-gap-default\">\n\t\t\t\t\t<div class=\"elementor-column elementor-col-100 elementor-top-column elementor-element elementor-element-c672c2d\" data-id=\"c672c2d\" data-element_type=\"column\">\n\t\t\t<div class=\"elementor-widget-wrap elementor-element-populated\">\n\t\t\t\t\t\t<div class=\"elementor-element elementor-element-6fcd537 elementor-hidden-desktop elementor-widget elementor-widget-toggle\" data-id=\"6fcd537\" data-element_type=\"widget\" data-widget_type=\"toggle.default\">\n\t\t\t\t<div class=\"elementor-widget-container\">\n\t\t\t\t\t\t\t<div class=\"elementor-toggle\">\n\t\t\t\t\t\t\t<div class=\"elementor-toggle-item\">\n\t\t\t\t\t<div id=\"elementor-tab-title-1171\" class=\"elementor-tab-title\" data-tab=\"1\" role=\"button\" aria-controls=\"elementor-tab-content-1171\" aria-expanded=\"false\">\n\t\t\t\t\t\t\t\t\t\t\t\t<span class=\"elementor-toggle-icon elementor-toggle-icon-left\" aria-hidden=\"true\">\n\t\t\t\t\t\t\t\t\t\t\t\t\t\t\t<i class=\"elementor-toggle-icon-closed fa fa-list\"><\/i>\n\t\t\t\t\t\t\t\t<i class=\"elementor-toggle-icon-opened fa fa-list\"><\/i>\n\t\t\t\t\t\t\t\t\t\t\t\t\t<\/span>\n\t\t\t\t\t\t\t\t\t\t\t\t<a class=\"elementor-toggle-title\" tabindex=\"0\">Menu<\/a>\n\t\t\t\t\t<\/div>\n\n\t\t\t\t\t<div id=\"elementor-tab-content-1171\" class=\"elementor-tab-content elementor-clearfix\" data-tab=\"1\" role=\"region\" aria-labelledby=\"elementor-tab-title-1171\"><ul><li><a href=\"..\/site\/?page_id=918\">\u00daltimas Not\u00edcias<\/a><\/li><li><a href=\"..\/site\/?page_id=922\">Quem Somos<\/a><ul><li><a href=\"..\/site\/?page_id=976\">Hist\u00f3rico<\/a><\/li><li><a href=\"..\/site\/?page_id=979\">Filosofia do CELi<\/a><\/li><li><a href=\"..\/site\/?page_id=982\">Objetivos<\/a><\/li><li><a href=\"..\/site\/?page_id=985\">P\u00fablico-Alvo<\/a><\/li><li><a href=\"..\/site\/?page_id=988\">Estat\u00edsticas<\/a><\/li><li><a href=\"..\/site\/?page_id=991\">Organograma<\/a><\/li><\/ul><\/li><li><a href=\"..\/site\/?page_id=485\">Projetos<\/a><ul><li><a href=\"..\/site\/?page_id=51\">Olhos Meus<\/a><\/li><li><a href=\"..\/site\/?page_id=1258\">Projeto de L\u00ednguas<\/a><\/li><\/ul><\/li><li><a href=\"..\/site\/?page_id=925\">Eventos<\/a><ul><li><a href=\"..\/site\/?page_id=1034\">Eventos Atuais<\/a><\/li><li><a href=\"..\/site\/?page_id=1037\">Edi\u00e7\u00f5es<\/a><\/li><li><a href=\"..\/site\/?page_id=1040\">Galerias<\/a><\/li><li><a href=\"..\/site\/?page_id=1043\">Programa\u00e7\u00f5es<\/a><\/li><\/ul><\/li><li><a href=\"..\/site\/?page_id=928\">A\u00e7\u00f5es de Extens\u00e3o<\/a><\/li><li><a href=\"..\/celi\/site\/?page_id=931\">Certificados e Declra\u00e7\u00f5es<\/a><\/li><li><a href=\"..\/site\/?page_id=934\">Publica\u00e7\u00f5es<\/a><ul><li><a href=\"..\/site\/?page_id=56\">B\u00fassola Acad\u00eamica<\/a><\/li><li><a href=\"..\/site\/?page_id=1103\">Cap\u00edtulo de Livro\/UFAL<\/a><\/li><li><a href=\"..\/site\/?page_id=1106\">Resumos SEPEX<\/a><\/li><li><a href=\"..\/site\/?page_id=1109\">CBEU<\/a><\/li><li><a href=\"..\/site\/?page_id=1112\">Etarserra<\/a><\/li><li><a href=\"..\/site\/?page_id=1115\">Cartilhas Inca<\/a><\/li><\/ul><\/li><li><a href=\"http:\/\/celi.cefet-rj.br\/concursos\">Inscri\u00e7\u00f5es<\/a><\/li><li><a href=\"..\/site\/?page_id=940\">Nossos Colaboradores<\/a><\/li><li><a href=\"..\/site\/?page_id=943\">Quero Ser Um Bolsista<\/a><ul><li><a href=\"..\/site\/?page_id=1174\">O que faz um Bolsista<\/a><\/li><li><a href=\"..\/site\/?page_id=1177\">Bolsa PBEXT<\/a><\/li><li><a href=\"..\/site\/?page_id=1180\">Edital do Ano Atual<\/a><\/li><\/ul><\/li><li><a href=\"..\/site\/?page_id=946\">Quero Ser Um Volunt\u00e1rio<\/a><ul><li><a href=\"..\/site\/?page_id=1205\">O que faz um Volunt\u00e1rio<\/a><\/li><li><a href=\"..\/site\/?page_id=1208\">Como Proceder<\/a><\/li><\/ul><\/li><li><a href=\"..\/site\/?page_id=959\">Fale Conosco<\/a><\/li><\/ul><\/div>\n\t\t\t\t<\/div>\n\t\t\t\t\t\t\t\t<\/div>\n\t\t\t\t\t\t<\/div>\n\t\t\t\t<\/div>\n\t\t\t\t<div class=\"elementor-element elementor-element-e023697 elementor-widget elementor-widget-text-editor\" data-id=\"e023697\" data-element_type=\"widget\" data-widget_type=\"text-editor.default\">\n\t\t\t\t<div class=\"elementor-widget-container\">\n\t\t\t\t\t\t\t\t\t<p>O programa de extens\u00e3o Centro de Educa\u00e7\u00e3o e Linguagens (CELi), que acontece no CEFET\/RJ campus Nova Friburgo, desde o ano de 2009 visa principalmente ao oferecimento de cursos regulares na \u00e1rea de l\u00ednguas adicionais abertos \u00e0 comunidade interna e externa \u00e0 institui\u00e7\u00e3o de maneira gratuita, com foco na forma\u00e7\u00e3o geral e cr\u00edtica do aprendiz.<\/p>\n<p>Tendo come\u00e7ado suas atividades em 2009 sob o nome de Centro de Idiomas, o programa pretendia inicialmente atender a uma demanda espec\u00edfica do curso t\u00e9cnico em inform\u00e1tica industrial. Por dois anos, foram oferecidas aulas de l\u00edngua espanhola e l\u00edngua inglesa aos alunos desse curso t\u00e9cnico em car\u00e1ter opcional, em hor\u00e1rios fora de sua grade de disciplinas obrigat\u00f3rias.<\/p>\n<p>\nA partir do constante interesse de outros p\u00fablicos fora do curso de inform\u00e1tica industrial pelas aulas de l\u00edngua espanhola e inglesa do ent\u00e3o Centro de Idiomas, foram implementadas algumas mudan\u00e7as. Primeiramente, o programa passou a se chamar Centro de L\u00ednguas (CeLi), incorporando cursos novos gra\u00e7as \u00e0 disponibilidade de outros professores da institui\u00e7\u00e3o e passando a operar em uma l\u00f3gica independente, desvinculada dos cursos espec\u00edficos, de modo a atender membros da comunidade interna e externa ao CEFET\/RJ campus Nova Friburgo. O nome Centro de L\u00ednguas foi posteriormente substitu\u00eddo por Centro de L\u00ednguas e Literaturas (ainda sob a sigla CeLi) a fim de contemplar novas possibilidades de cursos na \u00e1rea de literatura devido ao interesse demonstrado por alguns docentes do campus em integrar o projeto.  Cerca de dois semestres depois, passa \u00e0 atual designa\u00e7\u00e3o do programa, o Centro de Educa\u00e7\u00e3o e Linguagens (CELi), mantendo as letras do acr\u00f4nimo, mas com pequena altera\u00e7\u00e3o da grafia da segunda letra em mai\u00fascula. Tal transi\u00e7\u00e3o possibilitou maior abrang\u00eancia de atua\u00e7\u00e3o do programa, que passa a englobar quest\u00f5es pertinentes \u00e0 Educa\u00e7\u00e3o e \u00e0s v\u00e1rias \u00e1reas e linguagens inerentes \u00e0 ela, al\u00e9m da incorpora\u00e7\u00e3o da realiza\u00e7\u00e3o de eventos acad\u00eamico-cient\u00edficos e de entretenimento (SESINF \u2013 Semin\u00e1rio de Educa\u00e7\u00e3o na Sociedade da Informa\u00e7\u00e3o; CEFETalent!), de projetos de extens\u00e3o de cunho acad\u00eamico-cient\u00edfico (projeto B\u00fassola Acad\u00eamica), de cunho educacional focados no ensino de l\u00ednguas adicionais (projetos de L\u00edngua Alem\u00e3, projetos de L\u00edngua Espanhola, projetos de L\u00edngua Inglesa e projetos de L\u00ednguas Surdas), no ensino de inform\u00e1tica b\u00e1sica (projeto CELiNFO), no apoio educacional \u00e0s pessoas com defici\u00eancia visual (projeto Olhos Meus), em rodas de conversas tem\u00e1ticas voltadas a docentes da rede p\u00fablica da regi\u00e3o e de seu entorno (projeto Conversas com quem gosta de ensinar) e em encontros semanais para discentes com pr\u00e1ticas respirat\u00f3rias direcionadas ao relaxamento (projeto Respire, n\u00e3o pire!). Essa mudan\u00e7a foi motivada pela perspectiva de instalar um centro de forma\u00e7\u00e3o que oferece, paralelamente aos projetos de l\u00ednguas adicionais, que continuam sendo seu foco, eventos, projetos e outros cursos e\/ou atividades de extens\u00e3o na \u00e1rea de educa\u00e7\u00e3o e linguagens expandindo, assim, o dom\u00ednio de atua\u00e7\u00e3o do programa\n<\/p>\t\t\t\t\t\t\t\t<\/div>\n\t\t\t\t<\/div>\n\t\t\t\t\t<\/div>\n\t\t<\/div>\n\t\t\t\t\t<\/div>\n\t\t<\/section>\n\t\t\t\t<\/div>\n\t\t","protected":false},"excerpt":{"rendered":"<p>O programa de extens\u00e3o Centro de Educa\u00e7\u00e3o e Linguagens (CELi), que acontece no CEFET\/RJ campus Nova Friburgo, desde o ano de 2009 visa principalmente ao oferecimento de cursos regulares na \u00e1rea de l\u00ednguas adicionais abertos \u00e0 comunidade interna e externa \u00e0 institui\u00e7\u00e3o de maneira gratuita, com foco na forma\u00e7\u00e3o geral e cr\u00edtica do aprendiz. Tendo [&hellip;]<\/p>\n","protected":false},"author":1,"featured_media":0,"parent":53,"menu_order":0,"comment_status":"closed","ping_status":"closed","template":"","meta":{"footnotes":""},"class_list":["post-922","page","type-page","status-publish","hentry","entry"],"_links":{"self":[{"href":"https:\/\/celi.cefet-rj.br\/index.php?rest_route=\/wp\/v2\/pages\/922","targetHints":{"allow":["GET"]}}],"collection":[{"href":"https:\/\/celi.cefet-rj.br\/index.php?rest_route=\/wp\/v2\/pages"}],"about":[{"href":"https:\/\/celi.cefet-rj.br\/index.php?rest_route=\/wp\/v2\/types\/page"}],"author":[{"embeddable":true,"href":"https:\/\/celi.cefet-rj.br\/index.php?rest_route=\/wp\/v2\/users\/1"}],"replies":[{"embeddable":true,"href":"https:\/\/celi.cefet-rj.br\/index.php?rest_route=%2Fwp%2Fv2%2Fcomments&post=922"}],"version-history":[{"count":11,"href":"https:\/\/celi.cefet-rj.br\/index.php?rest_route=\/wp\/v2\/pages\/922\/revisions"}],"predecessor-version":[{"id":1482,"href":"https:\/\/celi.cefet-rj.br\/index.php?rest_route=\/wp\/v2\/pages\/922\/revisions\/1482"}],"up":[{"embeddable":true,"href":"https:\/\/celi.cefet-rj.br\/index.php?rest_route=\/wp\/v2\/pages\/53"}],"wp:attachment":[{"href":"https:\/\/celi.cefet-rj.br\/index.php?rest_route=%2Fwp%2Fv2%2Fmedia&parent=922"}],"curies":[{"name":"wp","href":"https:\/\/api.w.org\/{rel}","templated":true}]}}